the highest common factor of y and 9.
9
Suppose 0 = -2*u - 6*u + 1664. Suppose -u = 3*z - 4*z. What is the highest common divisor of z and 26?
26
Suppose 3*u - 189 + 69 = 0. Suppose w - 5*s - u = 0, -88 + 23 = -5*w - 2*s. Calculate the greatest common divisor of 3 and w.
3
Let g(r) = r**3 - 32*r**2 - 14*r + 335. Let z be g(33). Calculate the highest common factor of 148 and z.
74
Suppose 4*i = i + 270. Suppose 0 = -2*r - 4*k + 42, 3*r = -r - 5*k + 75. Calculate the greatest common factor of i and r.
15
Suppose -1 - 159 = -k. Calculate the greatest common divisor of k and 96.
32
Let y be 3 + (-3 - 202)/(-1). Let v(q) = -23*q + 243. Let t be v(10). What is the greatest common divisor of t and y?
13
Suppose 2*s - 3*v - 19 = 0, -3*v - 13 = 3*s - 2*s. Suppose 4*u = 13*w - 15*w + 160, 0 = 3*u + 5*w - 134. What is the greatest common factor of u and s?
2
Let f(d) = d - 1. Let q(g) = -8*g - 1. Let i(l) = 3*f(l) + q(l). Let m be i(-4). Suppose 0 = -4*w + 11 + 5. What is the greatest common factor of m and w?
4
Let t be 2/3 - 1241/(-51). What is the greatest common divisor of t and 1075?
25
Let u(p) = p**3 - 3*p**2 + 6*p - 5. Let q be u(4). Let m = -849 + 854. Calculate the highest common divisor of q and m.
5
Let i = 664 + -552. What is the greatest common divisor of 84 and i?
28
Suppose -p - 12 = -t, 4*p - 3*t + 71 = 21. Let u = p - -7. Let n be u/(-2) - (-3)/2. Calculate the highest common divisor of n and 15.
5
Let r be -64*(-2 - (-2)/4). Let u be 1920/300*(-5)/(-2). What is the highest common factor of r and u?
16
Suppose 2660 = 43*w - 1425. Calculate the greatest common divisor of w and 114.
19
Let c(u) be the second derivative of u**3 - u**2/2 - u. Let g be c(2). Let z = 52 - 30. What is the highest common divisor of g and z?
11
Let d be 1/(-5) + 144/20. Suppose 6*i + d*i = 1352. Calculate the highest common divisor of 156 and i.
52
Suppose 0 = -0*k + 4*k - 128. Let p = 103 + -87. What is the highest common divisor of p and k?
16
Suppose 2*c - 48 = -0*c. Suppose -w = w - 4*k + 10, 4*k = w + 13. Calculate the highest common divisor of w and c.
3
Suppose 0 = -4*l + 23 - 7. Calculate the greatest common divisor of l and 36.
4
Suppose 25 = z - 2*w + 1, -2*z = -w - 45. What is the highest common divisor of z and 539?
11
Let p = -62 - -68. Let x = p - -18. Calculate the highest common divisor of x and 36.
12
Let g = -249 + 510. Let l = 2 + 27. Calculate the greatest common divisor of g and l.
29
Suppose 2973 = 6*a + 321. What is the greatest common factor of 51 and a?
17
Let p(m) = -51*m + 21. Let n(a) = 5*a - 2. Let k(r) = -21*n(r) - 2*p(r). Let v be k(-6). What is the greatest common factor of v and 6?
6
Let u = 1057 + -1027. Calculate the highest common factor of u and 390.
30
Suppose -2*q + 1 = -3. Suppose -j + 4*b + q = -2, 12 = 3*j + 2*b. Suppose j*s - 24 = 12. Calculate the greatest common divisor of s and 9.
9
Let z(k) = 23*k + 3. Let s be z(2). Let x = -35 + s. Calculate the greatest common factor of x and 126.
14
Let h = -5 - -12. Suppose h*v = v + 810. Calculate the highest common factor of v and 15.
15
Let s be (-42)/(-112) - 72314/(-16). Calculate the highest common factor of 40 and s.
40
Let b = 1440 - 1197. Calculate the highest common divisor of 18 and b.
9
Let a(t) be the second derivative of -t**4/12 + 7*t**3/6 - 2*t**2 + 17*t. Let z be a(4). Calculate the greatest common divisor of 8 and z.
8
Suppose 3*f = 2*h - 95, -3*h = -0*h - 5*f - 145. Calculate the greatest common divisor of 35 and h.
5
Let h = 9 - 5. Let b(j) = 3 - 9*j + j**2 + 1 + 5. Let d be b(8). What is the highest common divisor of h and d?
1
Let s be ((-9)/(-18))/(3 + 17/(-6)). Let v = 24 + 3. What is the highest common factor of v and s?
3
Suppose h = 71 - 11. What is the highest common divisor of 70 and h?
10
Let h be (-1)/1*96/(-36)*6. What is the highest common divisor of 1168 and h?
16
Let v = -14 + 22. Suppose -5*q = b - 55, 0 = -4*q + v. Let k be (-2)/9 + 730/b. Calculate the greatest common divisor of k and 4.
4
Let r(d) = -d. Let s(j) = -9*j + 11. Let l(v) = 5*r(v) - s(v). Let p be l(6). Let o = 49 - p. What is the greatest common factor of 4 and o?
4
Let t = 1750 + -697. What is the greatest common factor of 39 and t?
39
Let v(b) = 2*b**2 - 6*b - 60. Let o be v(9). What is the greatest common divisor of 18 and o?
6
Suppose -1547*d + 390 = -1537*d. Calculate the greatest common factor of 3 and d.
3
Let v be 6/(-10) + 1 + (-206874)/(-90). What is the greatest common factor of v and 11?
11
Suppose -4*z - 40 = -4*u, 0 = -0*z - 2*z - 10. Suppose 2*f - 5*f - 2*w = -102, 2*f - u*w - 68 = 0. What is the greatest common factor of f and 17?
17
Let x(z) = -z**3 + 6*z**2 + 7*z - 2. Suppose d = 4 + 3. Let k be x(d). Let r be 59 + 5 + k - 2. What is the highest common divisor of 150 and r?
30
Let m(g) = 36*g - 167. Let f be m(18). What is the highest common divisor of 74 and f?
37
Suppose 0 = -7*i + 273 + 910. Calculate the highest common divisor of 13 and i.
13
Let j(w) = -3*w**2 - 17*w - 2. Suppose -3*d - f = 18, 8 = -7*d + 3*d + 4*f. Let v be j(d). What is the greatest common factor of 96 and v?
8
Let h = 25 + -18. Let s = 447 - 370. Calculate the highest common factor of h and s.
7
Let d(h) = -h + 12. Let l be d(0). Let z be 7*-1*(-76)/133. Let y be (1/(-2) + -4 + z)*-48. Calculate the greatest common factor of l and y.
12
Let u(g) = -g**2 - 31*g - 29. Let v be u(-30). Let b be 2 - 4 - v - -35. Calculate the greatest common factor of 112 and b.
16
Let t(z) = 16*z**2 + 12*z + 36. Let h be t(-3). What is the highest common divisor of 80 and h?
16
Suppose 4*r + 5*a = 14, -r + 3*r = 5*a - 8. What is the highest common factor of 101 and r?
1
Let l = -460 - -522. What is the greatest common divisor of l and 4?
2
Suppose -5*g - 613 = 297. Let m be (1 - (-50)/(-14))/(39/g). Calculate the highest common factor of m and 4.
4
Let y(d) = 3*d**3 + 2*d**2 - 1. Let n be y(-2). Let z = -3 - n. What is the greatest common divisor of z and 2?
2
Let d(b) = b**3 + b**2 - 4*b - 85. Let s be d(9). Calculate the highest common divisor of s and 26.
13
Suppose 4*w - 16 - 36 = 0. Suppose 132 + 440 = 4*y. What is the greatest common divisor of y and w?
13
Suppose -5*i = o - 27, -4*o + 8 + 5 = i. Suppose 19 + 1 = o*n. Let d = 2 + 2. Calculate the highest common factor of d and n.
2
Let d be 6/4*(8 - -10). Let o(u) = -u**3 - 4*u**2 + 4*u + 1. Let z be o(-4). Let i = z + d. What is the highest common divisor of 12 and i?
12
Let p be (0 - (-4 + 2))/(-2). Let d be (9/4)/((18/(-96))/p). Calculate the highest common factor of d and 3.
3
Suppose -91*n = -117*n + 15652. Calculate the highest common factor of 172 and n.
86
Let t = 21 - 25. Let q be t/24 + 290/12. Calculate the greatest common divisor of q and 60.
12
Let i(b) = b**2 + 9*b - 18. Let z be i(5). Suppose -6 = -2*g - 30. Let x = g - -25. Calculate the highest common factor of z and x.
13
Suppose 0 = 9*h - 8*h - 19. Let x = h - 29. Let f be (-64)/(-10) - x/(-25). What is the greatest common divisor of f and 48?
6
Suppose 0 = -4*h - 3*i + 1025, -1004 = h - 5*h + 4*i. What is the greatest common divisor of h and 2?
2
Suppose -1359 = -11*v + 104. What is the highest common divisor of v and 21?
7
Let x(g) = 3*g - 1 + 0*g - 2*g. Let z be x(7). Suppose 14 = z*j - 5*j. What is the greatest common factor of 112 and j?
14
Let q = 668 - 521. What is the highest common factor of 84 and q?
21
Let k(s) = s**2 - 5*s - 6. Suppose -7*b = -b + 54. Let t be 3 + b*(-10)/(-15). Let r be k(t). What is the highest common divisor of r and 54?
18
Let z(j) = -3*j - 19. Let c be z(-7). Let s be (14/(-35))/(c/(-20)). Calculate the highest common factor of s and 16.
4
Let f = 31 + -19. Let c = 8 - f. Let z be -21*(-2)/(c/(-2)). Calculate the highest common divisor of 63 and z.
21
Suppose -94 = -2*f - 2*o, -3*o = -3*f - o + 121. Let s = f - 30. Let v = 12 + s. Calculate the highest common factor of 5 and v.
5
Let x(v) = -v**2 + v - 7. Let f be x(8). Let t = 151 + f. What is the greatest common factor of 22 and t?
22
Let f be (-3)/(-4 - 100/(-28)). Suppose f*y - 109 = -46. Let p(l) = -l + 25. Let h be p(y). What is the greatest common factor of 64 and h?
16
Suppose 0 = 14*b + b - 1740. Calculate the greatest common divisor of b and 4.
4
Let g = -143 - -160. Let p(c) = 8*c